composite?
True
Is 1252981 a prime number?
False
Is 6601129 prime?
True
Is 598014965 composite?
True
Is 74137967 a prime number?
True
Is 7043846 composite?
True
Is 18461117 a prime number?
True
Is 9053777 composite?
True
Is 42717523 prime?
False
Is 26368607 composite?
True
Is 169540831 a prime number?
True
Is 296427503 a composite number?
False
Is 2127959 a composite number?
False
Is 2306971 a composite number?
False
Is 134990659 a prime number?
False
Is 140994083 composite?
False
Is 49881983 a prime number?
False
Is 96645803 a prime number?
False
Is 6862183 composite?
True
Is 38124941 a prime number?
False
Is 10603477 composite?
False
Is 1725914 prime?
False
Is 331986167 composite?
False
Is 25189103 composite?
False
Is 3523009 a composite number?
True
Is 14223257 composite?
False
Is 78201919 prime?
True
Is 28563041 prime?
False
Is 4598441 composite?
True
Is 49230505 a composite number?
True
Is 20286869 a prime number?
False
Is 3060989 a composite number?
False
Is 3137 a prime number?
True
Is 165356227 composite?
False
Is 21116759 a prime number?
True
Is 864849 prime?
False
Is 17671921 a prime number?
True
Is 2726707 a prime number?
False
Is 2474887 a prime number?
False
Is 131287367 a composite number?
True
Is 290212543 prime?
False
Is 164793121 a composite number?
True
Is 548725682 composite?
True
Is 364103 prime?
True
Is 292909 composite?
False
Is 18502619 a composite number?
True
Is 28852501 a prime number?
False
Is 10383229 a composite number?
False
Is 23717357 composite?
False
Is 2199349 prime?
False
Is 178242217 a prime number?
True
Is 524935211 composite?
True
Is 4261009 a composite number?
False
Is 359432482 a composite number?
True
Is 32127307 a composite number?
False
Is 1170094363 prime?
True
Is 1191101 composite?
True
Is 13529389 prime?
False
Is 7164879 composite?
True
Is 131645299 prime?
True
Is 1924031 a prime number?
True
Is 13561199 composite?
False
Is 26579681 a prime number?
True
Is 1893943 a composite number?
True
Is 60581699 a composite number?
False
Is 375306377 prime?
True
Is 3318023 a composite number?
True
Is 253033 composite?
True
Is 91125893 a composite number?
False
Is 4681727 composite?
False
Is 13897133 a composite number?
True
Is 3190906 a prime number?
False
Is 8449627 composite?
False
Is 7392101 prime?
True
Is 1641385 a composite number?
True
Is 46052051 a prime number?
False
Is 31577899 a prime number?
True
Is 13698253 a composite number?
False
Is 12484337 prime?
True
Is 204242 a composite number?
True
Is 30619709 composite?
False
Is 698773 prime?
True
Is 404152451 a composite number?
False
Is 3957283 prime?
False
Is 4427583 composite?
True
Is 5308679 a prime number?
True
Is 21267217 prime?
False
Is 145703863 a prime number?
False
Is 46789835 prime?
False
Is 1438873 composite?
True
Is 8238877 a prime number?
True
Is 88142189 prime?
True
Is 182998727 a prime number?
False
Is 21119999 composite?
False
Is 32576419 prime?
False
Is 194435921 prime?
False
Is 4547069 composite?
True
Is 1382997683 a prime number?
True
Is 56470067 composite?
True
Is 155699507 composite?
False
Is 20982121 prime?
False
Is 6524641 a composite number?
True
Is 2769391 composite?
False
Is 587311 composite?
True
Is 57454303 composite?
True
Is 104461 a composite number?
True
Is 4825853 prime?
True
Is 41776883 a composite number?
False
Is 42285847 a prime number?
True
Is 1546598 prime?
False
Is 1917913 a composite number?
True
Is 5897293 prime?
False
Is 684165773 a composite number?
False
Is 23697787 a composite number?
True
Is 8112309 a composite number?
True
Is 23087083 a composite number?
False
Is 69992407 a prime number?
True
Is 6422831 prime?
False
Is 8035501 a prime number?
True
Is 285500861 a prime number?
False
Is 568993889 prime?
True
Is 582229 a prime number?
False
Is 14343611 a prime number?
False
Is 250968649 prime?
False
Is 20346731 a composite number?
True
Is 16786034 composite?
True
Is 1152695 a prime number?
False
Is 6429289 a prime number?
False
Is 6842791 a composite number?
True
Is 63127457 a composite number?
True
Is 4182253 a composite number?
False
Is 28764601 a prime number?
True
Is 3908911 composite?
False
Is 3459831 a composite number?
True
Is 600373 a composite number?
True
Is 4781579 composite?
True
Is 12531931 a composite number?
True
Is 8442433 composite?
True
Is 34297 prime?
True
Is 4906873 prime?
True
Is 62214463 composite?
True
Is 143705551 prime?
False
Is 208672453 a composite number?
True
Is 65976697 prime?
False
Is 67079587 prime?
True
Is 11913347 a composite number?
False
Is 15288041 composite?
False
Is 280693351 a prime number?
False
Is 365802485 prime?
False
Is 5611423 composite?
False
Is 25359841 a prime number?
False
Is 115831477 a composite number?
False
Is 29542693 a composite number?
False
Is 13057253 a composite number?
True
Is 6721679 a composite number?
True
Is 34398215 a composite number?
True
Is 794705 a composite number?
True
Is 44896363 a composite number?
False
Is 45053165 a prime number?
False
Is 13026829 composite?
True
Is 251747533 composite?
True
Is 135233 prime?
False
Is 17745279 a composite number?
True
Is 398632717 prime?
False
Is 66187873 a prime number?
True
Is 1771779 a prime number?
False
Is 258392111 composite?
False
Is 2858993 a composite number?
True
Is 30738581 a composite number?
False
Is 8983261 a composite number?
True
Is 32934887 a composite number?
True
Is 576840359 a prime number?
True
Is 211613 a prime number?
False
Is 2383387 prime?
False
Is 117234553 a prime number?
True
Is 3195547 composite?
False
Is 254753 a composite number?
False
Is 1308316943 composite?
True
Is 1364323 a composite number?
False
Is 8475593 a composite number?
True
Is 5637535 prime?
False
Is 12762751 a prime number?
True
Is 490769 prime?
True
Is 98907503 a prime number?
True
Is 30520201 a composite number?
True
Is 1562453 a prime number?
False
Is 4348319 a composite number?
True
Is 194436661 a composite number?
False
Is 3271622 a composite number?
True
Is 55787477 a composite number?
True
Is 16546909 composite?
False
Is 3643033 prime?
True
Is 214892609 a composite number?
True
Is 8111003 a composite number?
True
Is 57451241 prime?
True
Is 92745823 composite?
False
Is 504897878 prime?
False
Is 8283341 a prime number?
False
Is 301199 prime?
False
Is 8181049 composite?
False
Is 213913643 a prime number?
True
Is 10287803 prime?
False
Is 6280249 prime?
False
Is 75911501 composite?
False
Is 559103 a composite number?
True
Is 10652471 a prime number?
False
Is 78801865 composite?
True
Is 300463181 a prime number?
True
Is 590413 a prime number?
False
Is 53974051 composite?
False
Is 402503 a composite number?
False
Is 1602145046 prime?
False
Is 459447215 a composite number?
True
Is 307713403 prime?
False
Is 13287223 prime?
True
Is 770155361 a prime number?
True
Is 5672291 a composite number?
False
Is 26206853 a composite number?
True
Is 692729395 a prime number?
False
Is 752749 a prime number?
False
Is 172884783 composite?
True
Is 56822159 prime?
False
Is 40929263 a composite number?
True
Is 152151161 a composite number?
True
Is 667273 a prime number?
True
Is 33513567 a prime number?
False
Is 23537245 prime?
False
Is 435841999 a composite number?
False
Is 2258857 composite?
True
Is 628510637 a composite number?
False
Is 23739713 a composite number?
False
Is 179794249 a composite number?
False
Is 54214081 composite?
False
Is 1841921 a composite number?
True
Is 206153773 a composite number?
True
Is 449027861 a composite number?
False
Is 37552618 a prime number?
False
Is 9558449 composite?
True
Is 73112245 a prime number?
False
Is 3312541 prime?
False
Is 40487143 a composite number?
False
Is 87894071 a prime number?
False
Is 3849819817 composite?
False
Is 396662789 a prime number?
True
Is 21841579 prime?
False
Is 22336843 prime?
True
Is 209954297 a composite number?
True
Is 41470879 a prime number?
True
Is 142718351 a composite number?
True
Is 32668213 a composite number?
True
Is 51968207 a composite number?
False
Is 4042585 prime?
False
Is 28149371 composite?
False
Is 16448177 composite?
False
Is 20125649 a composite number?
False
Is 1162129 a composite number?
False
Is 61967767 a composite number?
False
Is 1638899 prime?
True
Is 22396037 composite?
True
Is 4262311 composite?
False
Is 5023009 a prime number?